{"id":117,"date":"2024-01-23T10:45:00","date_gmt":"2024-01-23T10:45:00","guid":{"rendered":"https:\/\/narreiv.usal.es\/?page_id=117"},"modified":"2024-12-10T09:04:28","modified_gmt":"2024-12-10T09:04:28","slug":"el-seminario","status":"publish","type":"page","link":"https:\/\/narreiv.usal.es\/en\/el-seminario\/","title":{"rendered":"About the seminar"},"content":{"rendered":"<img loading=\"lazy\" decoding=\"async\" class=\"aligncenter wp-image-181 size-large\" src=\"https:\/\/narreiv.usal.es\/wp-content\/uploads\/sites\/147\/2024\/03\/narrar-congreso-instagram-576x1024.jpg\" alt=\"\" width=\"576\" height=\"1024\" srcset=\"https:\/\/narreiv.usal.es\/wp-content\/uploads\/sites\/147\/2024\/03\/narrar-congreso-instagram-576x1024.jpg 576w, https:\/\/narreiv.usal.es\/wp-content\/uploads\/sites\/147\/2024\/03\/narrar-congreso-instagram-169x300.jpg 169w, https:\/\/narreiv.usal.es\/wp-content\/uploads\/sites\/147\/2024\/03\/narrar-congreso-instagram-768x1365.jpg 768w, https:\/\/narreiv.usal.es\/wp-content\/uploads\/sites\/147\/2024\/03\/narrar-congreso-instagram-864x1536.jpg 864w, https:\/\/narreiv.usal.es\/wp-content\/uploads\/sites\/147\/2024\/03\/narrar-congreso-instagram.jpg 1080w\" sizes=\"auto, (max-width: 576px) 100vw, 576px\" \/><\/p>\n<p>&nbsp;<\/p>\n<p style=\"text-align: left;\"><span style=\"font-family: georgia, palatino, serif; font-size: 12pt;\">This seminar was held at the University of Salamanca (April 11-12, 2024) under the auspices of the program<strong>\u00a0\u201cNarrar para reivindicar: genealog\u00edas literarias en femenino ante un mundo en crisis\u201d (31-10ACT-23)<\/strong>, led by Dr. Miriam Borham Puyal (Universidad de Salamanca) and <strong>fully funded by the Spanish Women&#8217;s Institute through the public call &#8220;convocatoria de subvenciones p\u00fablicas destinadas a la realizaci\u00f3n de Postgrados de Estudios Feministas y de G\u00e9nero y Actividades del \u00e1mbito universitario relacionadas con la Igualdad para el a\u00f1o 2023.&#8221;<\/strong><\/span><\/p>\n<p style=\"text-align: left;\"><span style=\"font-family: georgia, palatino, serif; font-size: 12pt;\"><span style=\"font-weight: 400;\">The event was organised by the Consolidated Research Group \u201cIntersecciones: Literatura, Arte y Cultura en el Limen\u201d (iLAC) at the University of Salamanca and the research project \u201c\u00bfNarrar la resiliencia para conseguir la felicidad? Hacia una narratolog\u00eda cultural\u201d (PID2020-113190GB-C22), funded by the Spanish Ministry of Science and Innovation.<\/span><\/span><\/p>","protected":false},"excerpt":{"rendered":"<p>&nbsp; This seminar was held at the University of Salamanca (April 11-12, 2024) under the auspices of the program\u00a0\u201cNarrar para reivindicar: genealog\u00edas literarias en femenino ante un mundo en crisis\u201d (31-10ACT-23), led by Dr. Miriam Borham Puyal (Universidad de Salamanca) &hellip; <a href=\"https:\/\/narreiv.usal.es\/en\/el-seminario\/\">Continued<\/a><\/p>\n","protected":false},"author":109,"featured_media":0,"parent":0,"menu_order":0,"comment_status":"closed","ping_status":"closed","template":"","meta":{"footnotes":""},"class_list":["post-117","page","type-page","status-publish","hentry"],"aioseo_notices":[],"_links":{"self":[{"href":"https:\/\/narreiv.usal.es\/en\/wp-json\/wp\/v2\/pages\/117","targetHints":{"allow":["GET"]}}],"collection":[{"href":"https:\/\/narreiv.usal.es\/en\/wp-json\/wp\/v2\/pages"}],"about":[{"href":"https:\/\/narreiv.usal.es\/en\/wp-json\/wp\/v2\/types\/page"}],"author":[{"embeddable":true,"href":"https:\/\/narreiv.usal.es\/en\/wp-json\/wp\/v2\/users\/109"}],"replies":[{"embeddable":true,"href":"https:\/\/narreiv.usal.es\/en\/wp-json\/wp\/v2\/comments?post=117"}],"version-history":[{"count":5,"href":"https:\/\/narreiv.usal.es\/en\/wp-json\/wp\/v2\/pages\/117\/revisions"}],"predecessor-version":[{"id":232,"href":"https:\/\/narreiv.usal.es\/en\/wp-json\/wp\/v2\/pages\/117\/revisions\/232"}],"wp:attachment":[{"href":"https:\/\/narreiv.usal.es\/en\/wp-json\/wp\/v2\/media?parent=117"}],"curies":[{"name":"wp","href":"https:\/\/api.w.org\/{rel}","templated":true}]}}

<img loading="lazy" decoding="async" class="aligncenter wp-image-181 size-large" src="https://narreiv.usal.es/wp-content/uploads/sites/147/2024/03/narrar-congreso-instagram-576x1024.jpg" alt="" width="576" height="1024" srcset="https://narreiv.usal.es/wp-content/uploads/sites/147/2024/03/narrar-congreso-instagram-576x1024.jpg 576w, https://narreiv.usal.es/wp-content/uploads/sites/147/2024/03/narrar-congreso-instagram-169x300.jpg 169w, https://narreiv.usal.es/wp-content/uploads/sites/147/2024/03/narrar-congreso-instagram-768x1365.jpg 768w, https://narreiv.usal.es/wp-content/uploads/sites/147/2024/03/narrar-congreso-instagram-864x1536.jpg 864w, https://narreiv.usal.es/wp-content/uploads/sites/147/2024/03/narrar-congreso-instagram.jpg 1080w" sizes="auto, (max-width: 576px) 100vw, 576px" /></p>
<p>&nbsp;</p>
<p style="text-align: left;"><span style="font-family: georgia, palatino, serif; font-size: 12pt;">This seminar was held at the University of Salamanca (April 11-12, 2024) under the auspices of the program<strong> “Narrar para reivindicar: genealogías literarias en femenino ante un mundo en crisis” (31-10ACT-23)</strong>, led by Dr. Miriam Borham Puyal (Universidad de Salamanca) and <strong>fully funded by the Spanish Women&#8217;s Institute through the public call &#8220;convocatoria de subvenciones públicas destinadas a la realización de Postgrados de Estudios Feministas y de Género y Actividades del ámbito universitario relacionadas con la Igualdad para el año 2023.&#8221;</strong></span></p>
<p style="text-align: left;"><span style="font-family: georgia, palatino, serif; font-size: 12pt;"><span style="font-weight: 400;">The event was organised by the Consolidated Research Group “Intersecciones: Literatura, Arte y Cultura en el Limen” (iLAC) at the University of Salamanca and the research project “¿Narrar la resiliencia para conseguir la felicidad? Hacia una narratología cultural” (PID2020-113190GB-C22), funded by the Spanish Ministry of Science and Innovation.</span></span></p>

<p>&nbsp; This seminar was held at the University of Salamanca (April 11-12, 2024) under the auspices of the program “Narrar para reivindicar: genealogías literarias en femenino ante un mundo en crisis” (31-10ACT-23), led by Dr. Miriam Borham Puyal (Universidad de Salamanca) &hellip; <a href="https://narreiv.usal.es/en/el-seminario/">Continued</a></p>
